ighest common divisor of 80 and y.
80
Let q = -4692 + 5110. Let b(f) = 6*f**3 - 2*f**2 - f. Let s be b(2). Calculate the greatest common factor of s and q.
38
Suppose -8*m + 129 = -5*m. Suppose -9*d + m = -11. What is the greatest common divisor of d and 12?
6
Suppose 9*x + 8 = -19. Let r be 6/90*x + (-16)/(-5). What is the highest common factor of r and 54?
3
Let f be 1*(-6 - (3 + -2))*-1. What is the greatest common divisor of f and 259?
7
Suppose 3*s - 69 = 111. Let k be s + 3 - -1 - 0. Suppose 0 = -5*d + 26 + k. What is the greatest common factor of 54 and d?
18
Let h = 26 + -21. Suppose -4*d = -i - 0*i - 10, -d = i - h. Suppose -55 + 7 = -i*v. What is the highest common factor of v and 36?
12
Let b be (0 - -26) + 55 + -53. Calculate the greatest common divisor of 259 and b.
7
Let j(a) = -a**3 - 7*a**2 - 4. Let c be j(-7). Let b be (18/4)/((-2)/c). Calculate the greatest common factor of b and 1.
1
Let s = 134 + -176. Let m(n) = -27*n. Let v be m(1). Let x = v - s. Calculate the greatest common divisor of x and 3.
3
Let u be (-95)/(-150)*85 - (-2)/12. What is the highest common divisor of u and 522?
18
Let p = 428 + -409. Calculate the greatest common factor of p and 285.
19
Suppose -265 = -3*k - 109. Let c(l) = 5 - 4*l + 7*l - 4*l. Let x be c(-8). Calculate the highest common factor of x and k.
13
Let v(c) = -c**2 - 18*c + 61. Let k be v(-17). What is the highest common divisor of 234 and k?
78
Suppose t + 10*h - 6*h = 85, -t = -2*h - 91. Let l = t - 67. What is the highest common divisor of l and 88?
22
Let p be (2 - 6)/(-7 - -5). Suppose 0 = -4*r + p*r + 114. Calculate the greatest common divisor of r and 19.
19
Let p = 8 - 4. Let y(s) = -3*s - 20. Let o be y(-9). Let h be p/14 - (-166)/o. Calculate the highest common divisor of h and 8.
8
Suppose -4*n = -2*b + 2000, 3*b - 1500 = 3*n + 4*b. Let m be (0 - (-2)/(-5))/(10/n). Calculate the highest common factor of 40 and m.
20
Suppose -447*j = -461*j + 4256. What is the greatest common factor of 16 and j?
16
Suppose -324 = -29*n + 2*n. Calculate the highest common divisor of 54 and n.
6
Let x(l) = -2*l - 37. Let f be x(-17). Let d be (f - -3)/4 + (0 - -112). Let j be (-136)/(-10) - (-2)/5. What is the greatest common divisor of d and j?
14
Let r(l) be the second derivative of -13*l**3/6 - 2*l**2 + 7*l. Let z be r(-5). Let y = z - 31. Calculate the greatest common divisor of 45 and y.
15
Let z(d) = d + 13. Let q be z(-13). Suppose 4*c - 2*c - 40 = q. Let y be (-5)/((-15)/(-9)) + 7. Calculate the greatest common divisor of c and y.
4
Let t(w) = 19*w - 1. Let l be t(-1). Let u = 31 - l. Let v = u + -35. Calculate the highest common factor of 4 and v.
4
Let o be ((-2)/(-3) - 1) + 712/12. Suppose 2*p - 5*a = o, -3*a = -5*p + 69 + 50. Calculate the highest common factor of p and 154.
22
Let l(f) = 8*f + 28. Let n be l(4). Calculate the greatest common divisor of n and 220.
20
Let y = -239 - -337. Suppose -5*g - 16 = -7*g. Suppose g*i - 4*i = 56. What is the highest common factor of i and y?
14
Let b = -115 + 310. What is the highest common divisor of b and 15?
15
Let i(h) = h**3 - h**2 - 3*h + 3. Let a = -99 - -102. Let u be i(a). What is the highest common divisor of 36 and u?
12
Suppose w + 20*w = 84. What is the highest common factor of w and 20?
4
Let p = 114 + -105. Suppose -82 + 280 = 2*f. Calculate the highest common divisor of f and p.
9
Suppose 37*v - 264 = 34*v. What is the greatest common factor of v and 33?
11
Let z(a) = -a**2 - 11*a + 12. Let g be z(-7). Suppose -3*m + x + 38 = 0, -2*m = 4*x - x - g. Calculate the highest common divisor of 126 and m.
14
Let s(v) = -v**3 - 26*v**2 - 3*v - 46. Let b be s(-26). What is the greatest common divisor of b and 38?
2
Suppose -2*b + 419 = -4*m + 7*m, 5*m + 3*b = 698. Let v = -97 + m. Calculate the highest common divisor of v and 6.
6
Let l be (4/(-8))/((-1)/22). What is the highest common factor of l and 11?
11
Let o = -9 - -12. Suppose -4*b = -4, 3*p - o*b = 189 - 39. Suppose p + 135 = 3*q - h, 2*q = 4*h + 124. Calculate the highest common divisor of q and 93.
31
Let h(w) = -w**3 - 8*w**2 - 30*w - 13. Let a be h(-9). Calculate the greatest common divisor of a and 26.
26
Suppose -154 = -5*b - x, 4*x + 30 + 44 = 3*b. Calculate the highest common divisor of b and 190.
10
Suppose -d = -2*d + 45. Calculate the highest common factor of 2205 and d.
45
Let w(z) = -2*z**2 - 23*z + 75. Let m be w(-13). Calculate the greatest common divisor of m and 24.
12
Suppose 3*y = -2*n + 8, -8*n = -5*n - 3*y + 3. What is the greatest common factor of n and 7?
1
Suppose 6*m = 3*m - 177. Let w = m - -83. Let d be ((-8)/(-20))/((-2)/(-20)). Calculate the highest common factor of w and d.
4
Let j be 40/8 + -1 + 2 + -4. Suppose -3 = -j*z - g, 0 = 3*z + z + 3*g - 7. What is the greatest common divisor of 7 and z?
1
Suppose -26 = -3*r + 2*w, 2*w - 32 = -28. Calculate the greatest common divisor of r and 10.
10
Let r(d) = -89*d + 4. Let x be r(-2). Suppose 2*h = 1038 - x. Let t = -292 + h. Calculate the highest common factor of 17 and t.
17
Let t be 35/15*-2*6/(-7). What is the greatest common divisor of 52 and t?
4
Let n(q) = q**2 - 14*q + 11. Let r be n(14). What is the greatest common factor of 11 and r?
11
Let s be (-2 + 0)*2 + -197 + 24. Let m = -114 - s. What is the greatest common divisor of 21 and m?
21
Let r = -17 + 14. Let i(s) = s. Let j(o) = 4*o - 1. Let v(w) = -14*i(w) + 2*j(w). Let q be v(r). What is the highest common divisor of 32 and q?
16
Let o(h) = 3*h**2 - 49*h + 30. Let i be o(20). What is the greatest common divisor of i and 50?
50
Suppose 2*d - 1 = d. Let i be (13/(-39))/(5/(-165)). What is the highest common divisor of i and d?
1
Let p = 36 - -18. What is the greatest common factor of p and 378?
54
Suppose 391*a - 240 = 389*a. Let w be ((-6)/(-8))/(2/40). Calculate the highest common factor of a and w.
15
Let y = -5 - -17. Let z = y + -4. Let g be 3 + (0 - 4) + z. What is the highest common factor of 28 and g?
7
Suppose -106 + 391 = 19*i. Calculate the highest common divisor of i and 75.
15
Suppose i - 2*i + 184 = 0. Let q be (-2 - -5) + 16 + (2 - -2). Calculate the highest common divisor of i and q.
23
Let w = -363 + 847. Let l = w + -313. Calculate the greatest common factor of l and 19.
19
Let b be 1 - 1/((-3)/12). Suppose 25 - 7 = 3*v - 3*l, 2*l = 4*v - 22. Calculate the highest common factor of v and b.
5
Let r = -18 - -54. Calculate the greatest common factor of 18 and r.
18
Let h be 5*52*(221/(-26) + 13). Calculate the greatest common factor of 13 and h.
13
Let v = 14 + -11. Suppose 0 = v*h + 2*h - 60. Suppose -6 = 3*u, 2*i + 0*u - 20 = -2*u. What is the greatest common divisor of i and h?
12
Let s = -2029 - -2069. Let f = 12 - 7. What is the highest common divisor of s and f?
5
Let b be 51*(-2)/((-18)/(-3)). Let o = b - -27. Calculate the greatest common factor of 20 and o.
10
Let q(a) = a**3 - 5*a**2 + 20*a - 29. Let p be q(7). Calculate the highest common factor of p and 11.
11
Let w = -31 - -39. Let j(m) = -2*m**3 + 17*m**2 - 5*m + 1. Let r be j(w). Calculate the highest common factor of 25 and r.
25
Let n be 3*20/(-10) + 23. Let v(w) = 7*w**2 - 5. Let p be v(5). Calculate the highest common factor of n and p.
17
Let y = 882 - -2068. Calculate the highest common divisor of y and 50.
50
Suppose -4*v + 3*h + 4 = 0, 3*h + 0*h = 2*v - 2. Let z(d) = -d + 21*d**2 + 3 + 0*d - v + 0*d. Let m be z(-2). What is the greatest common divisor of 8 and m?
8
Suppose -2*g - g + 102 = 0. Suppose 5*j - 249 = -3*a, 3*a + 0 = -6. What is the greatest common divisor of g and j?
17
Let s = -34 + 17. Let t = 23 + s. What is the highest common divisor of t and 42?
6
Let p = 18 - 6. Let w(k) = p + 0*k + 12*k - k**2 - k. Let q be w(11). What is the greatest common factor of q and 24?
12
Let f(w) = -11*w - 121. Let y be f(-16). What is the greatest common factor of 385 and y?
55
Suppose x = -x. Suppose 0 = -x*i + 5*i - 10. Suppose -10 = s - i*s. What is the greatest common factor of 15 and s?
5
Let u = -100 - -135. Suppose -5*l + 7 + 8 = 0. Suppose -l*n = -0*y + 4*y - 23, 4*n + y = 22. Calculate the highest common divisor of u and n.
5
Let w = 310 - 223. What is the highest common divisor of w and 87?
87
Suppose -2*o - 34 = -38. Suppose -f - 20 = -o*f - 4*n, 